 875783243 composite?
True
Is 421323319 a composite number?
False
Is 28835297 a composite number?
False
Is 5627257 prime?
True
Is 125446963 prime?
True
Is 1885217 prime?
False
Is 232866523 a composite number?
False
Is 3710903 a prime number?
False
Is 85470011 a composite number?
True
Is 10708439 a composite number?
True
Is 6596087 prime?
False
Is 10670389 a prime number?
True
Is 10541803 a prime number?
True
Is 6691687 prime?
True
Is 102415993 a prime number?
False
Is 141707407 a composite number?
False
Is 11745427 prime?
True
Is 2371451 prime?
False
Is 3709249 a prime number?
True
Is 2192243 a prime number?
True
Is 2273411 a composite number?
True
Is 87173617 a prime number?
True
Is 5164799 prime?
True
Is 8833223 prime?
False
Is 1309315193 composite?
False
Is 49575863 a composite number?
True
Is 23253211 a composite number?
False
Is 1366493 composite?
False
Is 49208141 composite?
False
Is 477402869 a composite number?
False
Is 57355453 a composite number?
False
Is 4186997 prime?
True
Is 314449535 prime?
False
Is 596243 composite?
False
Is 1260307 a prime number?
False
Is 4141559 prime?
True
Is 28391227 a prime number?
True
Is 3828691 a composite number?
True
Is 10712433 prime?
False
Is 206977 prime?
False
Is 31336483 prime?
False
Is 7720847 a prime number?
False
Is 88974157 a prime number?
False
Is 37271291 prime?
True
Is 788306 a composite number?
True
Is 16027237 a prime number?
True
Is 29805551 prime?
True
Is 8168093 a composite number?
True
Is 113519843 composite?
True
Is 34915 prime?
False
Is 168098097 prime?
False
Is 6648737 a composite number?
False
Is 41766211 a prime number?
False
Is 24269603 a prime number?
True
Is 897947 a composite number?
False
Is 7355099 prime?
False
Is 6850231 a prime number?
False
Is 121863403 a prime number?
True
Is 2808959 prime?
True
Is 1367043 composite?
True
Is 165806 prime?
False
Is 2640821 a prime number?
True
Is 2745307 a prime number?
True
Is 413380117 a prime number?
True
Is 14045431 a prime number?
True
Is 1965277 prime?
True
Is 2796139 a prime number?
True
Is 288637627 composite?
True
Is 80537 a prime number?
True
Is 10745897 a prime number?
True
Is 58182659 prime?
True
Is 27306379 a composite number?
False
Is 145092667 a composite number?
True
Is 1904219 a composite number?
True
Is 503832721 a prime number?
False
Is 1003267 a composite number?
True
Is 12463735 a composite number?
True
Is 505049099 a composite number?
False
Is 174695693 prime?
True
Is 760527935 a composite number?
True
Is 496393 a composite number?
True
Is 283773559 composite?
False
Is 29869067 composite?
False
Is 8042653 composite?
True
Is 1863971 a composite number?
False
Is 2469899 composite?
False
Is 12009373 a composite number?
True
Is 70229251 a composite number?
False
Is 3208405 composite?
True
Is 37166 a prime number?
False
Is 283923529 prime?
False
Is 116389399 a composite number?
True
Is 37722169 composite?
False
Is 57908063 prime?
False
Is 439003 prime?
False
Is 298867 prime?
False
Is 8907007 a composite number?
False
Is 16399501 composite?
True
Is 795147869 a composite number?
False
Is 1486832705 composite?
True
Is 13247303 composite?
False
Is 9781297 prime?
True
Is 85997 composite?
True
Is 11636977 a composite number?
True
Is 450907 composite?
True
Is 21219001 prime?
True
Is 42955649 a prime number?
False
Is 6476749 a composite number?
False
Is 79382221 prime?
True
Is 687505783 a prime number?
True
Is 24392377 a prime number?
True
Is 1672403 prime?
False
Is 41117 a prime number?
True
Is 15704555 a composite number?
True
Is 8167189 composite?
False
Is 82700377 prime?
True
Is 349937 a composite number?
True
Is 3652403 prime?
False
Is 570259 a composite number?
True
Is 712559 prime?
False
Is 20040733 prime?
True
Is 435339757 composite?
True
Is 73092693 prime?
False
Is 2618449 prime?
True
Is 4158809 a prime number?
True
Is 575285 a composite number?
True
Is 217058 prime?
False
Is 88159 a prime number?
False
Is 19591171 prime?
False
Is 309467 prime?
False
Is 2014963 a prime number?
False
Is 8154749 prime?
True
Is 464850629 prime?
True
Is 6487703 prime?
False
Is 3540871 a prime number?
False
Is 78661721 a prime number?
True
Is 2316799 a prime number?
False
Is 677533117 a composite number?
True
Is 14891651 composite?
True
Is 280207659 composite?
True
Is 565303 composite?
False
Is 80108683 a composite number?
True
Is 487238473 a prime number?
True
Is 146860393 prime?
True
Is 13417267 a composite number?
True
Is 30701629 a composite number?
True
Is 625396967 a prime number?
False
Is 1711281095 prime?
False
Is 583237 composite?
False
Is 135515447 prime?
False
Is 22299437 prime?
True
Is 214160957 a composite number?
True
Is 8517689 prime?
False
Is 15096919 a composite number?
True
Is 268018451 a composite number?
True
Is 1475365 composite?
True
Is 52750039 prime?
True
Is 693305 a composite number?
True
Is 5552593 prime?
True
Is 1325278 composite?
True
Is 3529091 a prime number?
False
Is 10913003 composite?
False
Is 20316017 composite?
False
Is 2550089 composite?
False
Is 7144531 a composite number?
False
Is 2662613 prime?
False
Is 6042787 composite?
True
Is 3763889 a composite number?
True
Is 3761 a prime number?
True
Is 163216913 a composite number?
False
Is 1672189 prime?
False
Is 5500149 a composite number?
True
Is 1543999 composite?
False
Is 5823767 prime?
True
Is 8560567 composite?
True
Is 6959713 a prime number?
False
Is 261129621 a prime number?
False
Is 53068709 a composite number?
False
Is 8363207 composite?
True
Is 455778727 a prime number?
True
Is 9650549 composite?
False
Is 1000793 a composite number?
False
Is 955373 a prime number?
False
Is 91702483 a prime number?
False
Is 2234741 a prime number?
True
Is 18622621 prime?
False
Is 74296217 prime?
False
Is 1357771 a prime number?
True
Is 36208121 prime?
False
Is 20225705 a composite number?
True
Is 42577627 a prime number?
False
Is 578687 a prime number?
True
Is 1926569 a composite number?
False
Is 120181 composite?
False
Is 510013 composite?
True
Is 1909133 prime?
False
Is 134605 a prime number?
False
Is 15010793 prime?
False
Is 6407491 prime?
True
Is 940691 a prime number?
True
Is 308011895 a prime number?
False
Is 340385907 a composite number?
True
Is 323891 a prime number?
False
Is 6358921 a prime number?
True
Is 8932313 a prime number?
False
Is 8970895 composite?
True
Is 58528907 a prime number?
False
Is 12123299 a prime number?
True
Is 3417539 a composite number?
False
Is 249459797 prime?
False
Is 31093757 a prime number?
False
Is 847219 a prime number?
True
Is 2622377 composite?
False
Is 6025507 composite?
False
Is 2547931 a prime number?
False
Is 15542915 prime?
False
Is 19244339 a prime number?
False
Is 2403419 composite?
False
Is 21294563 a prime number?
False
Is 1154401 composite?
False
Is 434238419 composite?
False
Is 82697 a prime number?
False
Is 3266341 composite?
True
Is 26173513 prime?
False
Is 13433939 a composite number?
False
Is 283199287 a prime number?
False
Is 60376187 composite?
False
Is 6386953 composite?
False
Is 11657207 prime?
False
Is 349668889 composite?
True
Is 1686527 prime?
True
Is 2511403 composite?
True
Is 326679313 a prime number?
True
Is 609173 composite?
False
Is 44053 a composite number?
False
Is 2241644237 composite?
True
Is 28901167 a composite number?
True
Is 3753523 a prime number?
True
Is 1800273 a prime number?
False
Is 114975419 prime?
False
Is 116309 a prime number?
False
Is 2470911 composite?
True
Is 9206882 a prime number?
False
Is 64664381 composite?
False
Is 22071551 composite?
False
Is 389761 prime?
True
Is 8636039 composite?
False
Is 256209277 composite?
False
Is 23869873 a composite number?
False
Is 12814769 composite?
True
Is 388846433 a composite number?
False
Is 15130777 composite?
True
Is 1447471 a prime number?
True
Is 6417407 composite?
True
Is 47631151 composite?
False
Is 74174143 a prime number?
True
Is 474583453 a composite number?
True
Is 92685277 a prime number?
True
Is 23243695 a prime number?
False
Is 8407 composite?
True
Is 8150783 a prime number?
False
Is 7002847 composite?
True
Is 14195707 composite?
False
Is 21768179 prime?
True
Is 146110813 prime?
True
Is 69133811 a prime number?
True
Is 8284397 a composite number?
True
Is 13196509 a composite number?
True
Is 39973007 prime?
True
Is 12320783 a